4)/10. Suppose -3*z + j = 17. List the prime factors of y(z).
3, 23
Suppose -6*k = -2*k - 4*s + 4, 2*k - 5*s = -14. Suppose k*v + 659 = 3*f - v, 4*f = 4*v + 876. What are the prime factors of f?
7, 31
Let c be (-100)/(-10) + 2 + -1. Suppose 67 = c*x - 10*x. What are the prime factors of x?
67
Let u = -32 - -41. Let w = 401 - u. List the prime factors of w/6 - (-8)/(-24).
5, 13
Let y(n) = 4 + n**2 + 9*n + n**2 - 3*n**2. Suppose 24*b = 26*b - 18. What are the prime factors of y(b)?
2
Let r(n) = n**3 + 5*n**2 - 2*n + 6. Let t be r(-5). Let i be (-12 - -6) + 3 + (31 - 1). Let d = i - t. What are the prime factors of d?
11
Let z = 1163 + -671. Suppose 0 = 17*j - 1614 + z. What are the prime factors of j?
2, 3, 11
Let h(u) = u - 1. Let y be h(6). Let x be 60/24*4/y. Suppose -x*f = -15 - 9. List the prime factors of f.
2, 3
Suppose 3380 = 4*n - r, 0 = -4*n - r + 1077 + 2303. What are the prime factors of n?
5, 13
Let l(f) = -f - 11. Let s be l(-14). Suppose -2*p - 48 = -s*p. List the prime factors of p.
2, 3
Suppose 2*d + 2*j - 182 = -0*d, -4*d + 360 = 5*j. Let m = d - 23. Suppose 35 = 2*g - z, 0 = 2*g - 5*g - 5*z + m. What are the prime factors of g?
19
Suppose 0*z = -2*z. Suppose z = -0*a + 6*a - 984. What are the prime factors of a?
2, 41
Suppose -3*g = 5*m + 103, -82 = 4*m + g + g. Let v(l) = 31*l + 8. Let f be v(2). Let d = f + m. What are the prime factors of d?
2, 5
Suppose -5*z + 580 = l, 0 = 8*z - 3*z + 15. List the prime factors of l.
5, 7, 17
Suppose 3*x + 989 = -0*z + 5*z, z - 199 = x. What are the prime factors of z?
2, 7
Let k = 1049 - 400. What are the prime factors of k?
11, 59
Let y = -2 - -14. Let p(z) = -z + 26. What are the prime factors of p(y)?
2, 7
Let r = 730 + -106. List the prime factors of r.
2, 3, 13
Let v = 122 + 1102. What are the prime factors of v?
2, 3, 17
Let s(d) = -d**3 - 15*d**2 + 3*d + 11. Let f be s(-15). Let t = f + 32. List the prime factors of 41 + (t + 10)/4.
43
Suppose z - 2443 = g - 0*g, -2*g = 0. What are the prime factors of z?
7, 349
Suppose 0 = 2*d - 5*t - 22, -3*t = d - 0*d - 22. Let p = 69 - d. List the prime factors of p.
53
Suppose 0 = 14*j - 11564 - 12194. List the prime factors of j.
1697
Suppose 4*w = -0*w + 956. What are the prime factors of w?
239
Let x(i) = -21*i - 84. List the prime factors of x(-5).
3, 7
Suppose r + 7*r - 56 = 0. Suppose -4*a = -r*a + 258. List the prime factors of a.
2, 43
Let f(h) = -2*h - 6. Let u be f(-4). Suppose -3*g + 2*g + 2*w - 6 = 0, 0 = u*w - 10. Suppose -y + 120 = g*y. List the prime factors of y.
2, 3
Let i(w) = w - 8. Let h be i(0). Let f be 6*(-4)/h - 0. Suppose 4*q - 5*q + f = 0. What are the prime factors of q?
3
Let o(v) be the third derivative of 25*v**4/24 - 11*v**3/6 + 12*v**2. Let p be o(3). List the prime factors of ((-6)/4)/((-2)/p).
2, 3
Let i be 12*3/6*-1. Let r = 7 + i. What are the prime factors of 0/r - 0 - -22?
2, 11
Suppose 1556 = 3*k - y - 2373, -2*y - 2618 = -2*k. List the prime factors of k.
2, 5, 131
Let c = -182 - -629. List the prime factors of c.
3, 149
Suppose 245*p = 249*p - 756. Suppose -q - 59 = -w, -p = -3*w + 2*q - 3*q. List the prime factors of w.
2, 31
Let d(a) = -a**3 + 4*a**2 + 3*a - 9. What are the prime factors of d(4)?
3
Let b = 3 - 32. Let x = 15 - b. List the prime factors of x.
2, 11
Let k(g) = -g - 9. Let t be k(-14). Suppose i - t*w - 209 = -0*w, 3*i + 2*w - 542 = 0. List the prime factors of i.
2, 23
What are the prime factors of 522/(-1 + (2 - (-6 - -6)))?
2, 3, 29
Suppose -5*n - 182 = -2132. Suppose -n = 3*z - 1347. List the prime factors of z.
11, 29
Suppose -5*a + 5351 = 2*u, 5*a - 4*u - 293 = 5040. What are the prime factors of a?
1069
Let j = 5181 - 2987. What are the prime factors of j?
2, 1097
Let x(a) = a**3 + 5*a**2 + a + 7. Let o be x(-5). Let d be 19/2 - 2/(-4). Suppose -d = -4*j + o. What are the prime factors of j?
3
Let w = -65 + 26. Let s be ((-13)/w)/((-2)/(-60)). List the prime factors of (25/s)/1*10.
5
Let b = 29 + -20. Let h be 9/3 + b/(-3). Suppose -3*s - 11 + 59 = h. What are the prime factors of s?
2
Let s = 9 - 7. Let u(k) = s*k + 4*k**2 - 1 + k - 4*k. What are the prime factors of u(2)?
13
Suppose -126 = -2*z + 2*y + 2*y, z + 4*y - 45 = 0. Let r = 122 + z. List the prime factors of r.
179
Suppose -v - 5*p + 20 = 0, 2*v + p = 6*p - 5. Suppose -w + 12 = 4*f - f, -3 = -v*w + 4*f. What are the prime factors of w?
3
Let h = -15 + 58. Suppose -b + 5*z - h = -3*b, -3*b = 4*z - 47. Let o = 6 + b. List the prime factors of o.
3, 5
Suppose 0 = -4*b + 3*b + 4. Suppose -3*z + 2 + 23 = b*l, 0 = 3*l - 4*z - 25. List the prime factors of l.
7
Suppose 21437 = 12*d - 763. What are the prime factors of d?
2, 5, 37
Suppose -4*v - 2*o + 796 = 0, -v + 158 = -o - 38. Let z = -101 + v. What are the prime factors of z?
97
Suppose 2*u - a = 93, -20*a + 24*a = -5*u + 213. Suppose 0 = 4*x - 3*n + 32, 2*x + n - 9 = 3*x. Let v = x + u. List the prime factors of v.
2, 5
Let a be ((-8)/14)/((-16)/56). Suppose -71 = -a*i + p, -4*p = 3*i - 40 - 72. Suppose -i = 2*q - 3*q. What are the prime factors of q?
2, 3
Suppose -4*h = -9 - 3. Suppose -154 = -h*v + 14. What are the prime factors of v?
2, 7
Suppose -2*r = -r + 9. Let h = r - -11. Let w(l) = 5*l**3 + l**2 + 2. List the prime factors of w(h).
2, 23
Let i = 2261 - 2160. What are the prime factors of i?
101
Let y(z) = -2*z**3 + 9*z**2 + 4*z - 2. Let u(a) = 4*a**3 - 17*a**2 - 9*a + 5. Let l(c) = -2*u(c) - 5*y(c). What are the prime factors of l(6)?
2, 3
Let v(t) = 2 + 7 + 14*t + 1 - 6. What are the prime factors of v(6)?
2, 11
Let d(m) = m**2 + 6*m. Let a be d(-6). Suppose a = 3*y + 12, 4*y + 986 = 3*w + 379. Suppose 2*r - w = -65. What are the prime factors of r?
2, 3, 11
Let l(r) = -r**2 - r + 1. Let n(h) = -6*h**2 + 11*h - 13. Let g(p) = -5*l(p) + n(p). List the prime factors of g(14).
2, 5
Let b be ((-1)/(12/15))/(2/(-600)). Suppose 3*y - 4*a - b - 437 = 0, -4*a + 508 = 2*y. List the prime factors of y.
2, 3, 11
Suppose -12 = 3*h, -7*u + 4*h = -2*u + 29. Let v(x) = x**3 + 10*x**2 + x + 8. What are the prime factors of v(u)?
2, 5
What are the prime factors of (-4 - -3)/((-1)/599)?
599
Let c(t) = 10*t - 4. Let w(u) = 51*u - 19. Let i(g) = 11*c(g) - 2*w(g). List the prime factors of i(4).
2, 13
Let f(o) = 6*o**3 + 5*o**2 + o - 1. What are the prime factors of f(4)?
467
Let z = -95 - -579. List the prime factors of z.
2, 11
Let c = 2021 - 3751. What are the prime factors of c/(-15) - (-6)/9?
2, 29
Suppose -30*k + 41*k - 21120 = 0. List the prime factors of k.
2, 3, 5
Let j = 13 + -9. Suppose -596 = -3*d - 0*d + 4*n, -2*d + 424 = j*n. What are the prime factors of (-9)/12 + d/16?
2, 3
Suppose 3*k + 293 = 986. List the prime factors of k.
3, 7, 11
Let o be 270/25*10/2 - -1. Suppose -5*t - o = -385. List the prime factors of t.
2, 3, 11
Let b(x) = -7 - 5 + 9 + 9*x**2 + x. Let m be b(-3). Suppose 3*f - 3 - m = 0. What are the prime factors of f?
2, 13
Let r(o) = o**3 + 17*o**2 - 8*o - 5. List the prime factors of r(-8).
5, 127
Let i = 135 + 79. What are the prime factors of i?
2, 107
Let k = -342 + 513. Suppose -k = 6*m - 9*m. What are the prime factors of m?
3, 19
Suppose -3*q - 3*b + 96 = 0, -30 = -q - 2*b + 1. Suppose 0*g - g - 3*d - q = 0, 0 = 4*d. List the prime factors of 12/(-9)*g/2.
2, 11
Let i = 617 - 441. List the prime factors of i.
2, 11
Let x(t) = 5*t**2 - 41*t + 56. List the prime factors of x(17).
2, 3, 67
Suppose -4*y + 20 = 0, -4*s + 3 = -0*y - y. What are the prime factors of ((-1)/s)/((-13)/4758)?
3, 61
Suppose 2*d = -3*d. Suppose d = 5*t + u + 4, -4*t - 5*u - 20 = -t. Suppose 231 = 5*b - t*b + 2*k, -k = b - 48. What are the prime factors of b?
3, 5
Suppose -196*r + 201*r - 810 = 0. What are the prime factors of r?
2, 3
Let i(n) = -2*n**3 - 11*n**2 + 3*n. Let j be i(-6). List the prime factors of -1 - (-84)/j - (-2)/(-3).
3
Let i = -6 + 0. Let f = 10 - i. List the prime factors of (f/(-20))/((-1)/15).
2, 3
Let k be 52*(3/2)/1. What are the prime factors of 1/((27/k)/9)?
2, 13
Let p = -3996 - -6819. What are the prime factors of p?
3, 941
What are the prime factors of -2 + (-89328)/(-54) + 2/(-9)?
2, 7, 59
Let a(n) = -n**2 - 3*n - 2. Let t be a(-1). Suppose u - 4*i - 49 = t, -3*u + 3*i + 111 = -0*i. List the prime factors of u.
3, 11
Suppose 5*w = 4*w. Suppo